{"id":285,"date":"2024-01-22T09:46:31","date_gmt":"2024-01-22T09:46:31","guid":{"rendered":"https:\/\/rekopol.pl\/przytwierdzone\/?page_id=285"},"modified":"2024-05-07T11:20:54","modified_gmt":"2024-05-07T11:20:54","slug":"nakretki-z-uwagi-na-male-rozmiary-nie-zawsze-trafialy-do-recyklingu","status":"publish","type":"page","link":"https:\/\/rekopol.pl\/przytwierdzone\/nakretki-z-uwagi-na-male-rozmiary-nie-zawsze-trafialy-do-recyklingu\/","title":{"rendered":"Zakr\u0119tki z uwagi na ma\u0142e rozmiary nie zawsze trafia\u0142y do recyklingu!"},"content":{"rendered":"\n<p>Obecnie, je\u015bli wyrzucali\u015bmy zakr\u0119tk\u0119 osobno do \u017c\u00f3\u0142tego pojemnika \u2013 z uwagi na swoje ma\u0142e rozmiary zostawa\u0142a odsiana na tzw. sicie w sortowni. Sito stosuje si\u0119 w pocz\u0105tkowym etapie sortowania odpad\u00f3w, w celu pozbycia si\u0119 zanieczyszcze\u0144 i drobnych element\u00f3w. Zakr\u0119tki wyrzucane osobno trafia\u0142y w ten spos\u00f3b do tzw. <strong>frakcji drobnej<\/strong>, z kt\u00f3rej nast\u0119pnie <strong>nie by\u0142y odzyskiwane,<\/strong> a trafia\u0142y do spalenia b\u0105d\u017a na sk\u0142adowiska.<\/p>\n\n\n\n<\/br>\n\n<video controls controls=\"controls\" muted preload=\"auto\" loop playsinline autoplay=\"autoplay\" width=\"450\">\n <source src=\"https:\/\/rekopol.pl\/przytwierdzone\/wp-content\/uploads\/2024\/01\/filmik-do-info-3.mp4\" type=\"video\/mp4\" \/>\n  <source src=\"https:\/\/rekopol.pl\/przytwierdzone\/wp-content\/uploads\/2024\/01\/filmik-do-info-3.webm\" type=\"video\/webm\" \/>\n<\/video>\n\n<\/br>\n\n\n\n<p><strong>Dzi\u0119ki przytwierdzeniu zakr\u0119tka wraz z opakowaniem (butelk\u0105 lub kartonem) trafi do recyklingu!<\/strong><\/p>\n\n\n\n<p><strong>Butelka PET<\/strong> to inny rodzaj plastiku, ni\u017c ten, z kt\u00f3rego produkuje si\u0119 zakr\u0119tki. W zak\u0142adzie przetwarzania butelka zostanie poci\u0119ta wraz z zakr\u0119tk\u0105 na tzw. p\u0142atek, a nast\u0119pnie przy wykorzystaniu wody dwa rodzaje tworzywa s\u0105 od siebie oddzielane. P\u0142atek z zakr\u0119tek jest od\u0142awiany (unosi si\u0119 na powierzchni, w przeciwie\u0144stwie do p\u0142atka PET) i trafia do dedykowanego zak\u0142adu przetwarzana.<\/p>\n\n\n\n<ul>\n<li>Sprawd\u017a jak wygl\u0105da proces przetwarzania butelek PET: <a href=\"http:\/\/www.mieciazimpetem.pl\">www.mieciazimpetem.pl<\/a>.<\/li>\n<\/ul>\n\n\n\n<p>R\u00f3wnie\u017c w przypadku <strong>karton\u00f3w po p\u0142ynnej \u017cywno\u015bci<\/strong> (napoje, soki, produkty mleczne) oddzielenie zakr\u0119tek od karton\u00f3w jest mo\u017cliwe w procesie recyklingu. Kartony, w znacznej cz\u0119\u015bci sk\u0142adaj\u0105ce si\u0119 z papieru, rozw\u0142\u00f3knia si\u0119, a zakr\u0119tka pozostaje nienaruszona i mo\u017cna j\u0105 oddzieli\u0107 celem dalszego przetwarzania.<\/p>\n\n\n\n<ul>\n<li>Sprawd\u017a jak wygl\u0105da proces przetwarzania karton\u00f3w po p\u0142ynnej \u017cywno\u015bci: <a href=\"https:\/\/prokarton.org\/recykling\/\">https:\/\/prokarton.org\/recykling\/<\/a><\/li>\n<\/ul>\n\n\n\n<p>Zakr\u0119tki, zwykle wykonane z tworzywa HDPE (polietylenu o du\u017cej g\u0119sto\u015bci), oddzielone w procesie recyklingu od butelek PET oraz karton\u00f3w trafiaj\u0105 do dedykowanych zak\u0142ad\u00f3w przetwarzania. Jest to tworzywo proste w recyklingu. Poci\u0119te zakr\u0119tki s\u0105 oczyszczane, a nast\u0119pnie przetwarzane na tzw. regranulat, z kt\u00f3rego zrobi\u0107 mo\u017cna kolejne opakowania np. do chemii gospodarczej oraz przedmioty codziennego u\u017cytku jak rury, doniczki, obudowy czy worki.<\/p>\n\n\n\n<p><strong>Nie odrywaj zakr\u0119tek od opakowania, wyrzu\u0107 w ca\u0142o\u015bci do <\/strong><strong>\u017c\u00f3\u0142tego pojemnika!<\/strong><\/p>\n\n\n\n\n\n<p><\/p>\n","protected":false},"excerpt":{"rendered":"<p>Obecnie, je\u015bli wyrzucali\u015bmy zakr\u0119tk\u0119 osobno do \u017c\u00f3\u0142tego pojemnika \u2013 z uwagi na swoje ma\u0142e rozmiary zostawa\u0142a odsiana na tzw. sicie w sortowni. Sito stosuje si\u0119 w pocz\u0105tkowym etapie sortowania odpad\u00f3w, w celu pozbycia si\u0119 zanieczyszcze\u0144 i drobnych element\u00f3w. Zakr\u0119tki wyrzucane osobno trafia\u0142y w ten spos\u00f3b do tzw. frakcji drobnej, z kt\u00f3rej nast\u0119pnie nie by\u0142y odzyskiwane, [&hellip;]<\/p>\n","protected":false},"author":2,"featured_media":0,"parent":0,"menu_order":0,"comment_status":"closed","ping_status":"closed","template":"privacy-template.php","meta":{"inline_featured_image":false,"footnotes":""},"acf":[],"_links":{"self":[{"href":"https:\/\/rekopol.pl\/przytwierdzone\/wp-json\/wp\/v2\/pages\/285"}],"collection":[{"href":"https:\/\/rekopol.pl\/przytwierdzone\/wp-json\/wp\/v2\/pages"}],"about":[{"href":"https:\/\/rekopol.pl\/przytwierdzone\/wp-json\/wp\/v2\/types\/page"}],"author":[{"embeddable":true,"href":"https:\/\/rekopol.pl\/przytwierdzone\/wp-json\/wp\/v2\/users\/2"}],"replies":[{"embeddable":true,"href":"https:\/\/rekopol.pl\/przytwierdzone\/wp-json\/wp\/v2\/comments?post=285"}],"version-history":[{"count":25,"href":"https:\/\/rekopol.pl\/przytwierdzone\/wp-json\/wp\/v2\/pages\/285\/revisions"}],"predecessor-version":[{"id":465,"href":"https:\/\/rekopol.pl\/przytwierdzone\/wp-json\/wp\/v2\/pages\/285\/revisions\/465"}],"wp:attachment":[{"href":"https:\/\/rekopol.pl\/przytwierdzone\/wp-json\/wp\/v2\/media?parent=285"}],"curies":[{"name":"wp","href":"https:\/\/api.w.org\/{rel}","templated":true}]}}